 by 123.
122
What is the remainder when 790 is divided by 9?
7
What is the remainder when 441 is divided by 204?
33
Calculate the remainder when 1944 is divided by 84.
12
What is the remainder when 342 is divided by 49?
48
Calculate the remainder when 970 is divided by 28.
18
What is the remainder when 3694 is divided by 103?
89
What is the remainder when 203 is divided by 44?
27
What is the remainder when 191 is divided by 15?
11
Calculate the remainder when 211 is divided by 22.
13
Calculate the remainder when 1130 is divided by 63.
59
What is the remainder when 811 is divided by 163?
159
Calculate the remainder when 8503 is divided by 56.
47
What is the remainder when 472 is divided by 79?
77
What is the remainder when 635 is divided by 22?
19
What is the remainder when 190 is divided by 66?
58
What is the remainder when 4453 is divided by 278?
5
What is the remainder when 265 is divided by 131?
3
Calculate the remainder when 1459 is divided by 483.
10
Calculate the remainder when 297 is divided by 101.
95
What is the remainder when 16 is divided by 6?
4
What is the remainder when 168 is divided by 60?
48
What is the remainder when 176 is divided by 48?
32
Calculate the remainder when 881 is divided by 23.
7
What is the remainder when 884 is divided by 177?
176
Calculate the remainder when 38 is divided by 13.
12
Calculate the remainder when 756 is divided by 75.
6
Calculate the remainder when 286 is divided by 212.
74
What is the remainder when 1292 is divided by 52?
44
What is the remainder when 30 is divided by 17?
13
Calculate the remainder when 484 is divided by 9.
7
What is the remainder when 837 is divided by 17?
4
What is the remainder when 177 is divided by 25?
2
What is the remainder when 922 is divided by 10?
2
Calculate the remainder when 476 is divided by 53.
52
What is the remainder when 128 is divided by 73?
55
What is the remainder when 461 is divided by 85?
36
Calculate the remainder when 82 is divided by 18.
10
What is the remainder when 139 is divided by 28?
27
What is the remainder when 1454 is divided by 54?
50
Calculate the remainder when 36 is divided by 11.
3
What is the remainder when 2029 is divided by 66?
49
What is the remainder when 22 is divided by 3?
1
What is the remainder when 509 is divided by 23?
3
Calculate the remainder when 3406 is divided by 71.
69
Calculate the remainder when 61 is divided by 9.
7
Calculate the remainder when 509 is divided by 169.
2
Calculate the remainder when 502 is divided by 42.
40
Calculate the remainder when 1366 is divided by 6.
4
What is the remainder when 27 is divided by 23?
4
What is the remainder when 1248 is divided by 416?
0
What is the remainder when 654 is divided by 112?
94
What is the remainder when 124 is divided by 16?
12
What is the remainder when 839 is divided by 107?
90
Calculate the remainder when 583 is divided by 65.
63
What is the remainder when 108 is divided by 28?
24
What is the remainder when 98 is divided by 14?
0
What is the remainder when 437 is divided by 74?
67
Calculate the remainder when 76 is divided by 28.
20
What is the remainder when 90 is divided by 11?
2
What is the remainder when 40 is divided by 33?
7
What is the remainder when 23 is divided by 3?
2
Calculate the remainder when 447 is divided by 43.
17
Calculate the remainder when 94 is divided by 8.
6
What is the remainder when 609 is divided by 13?
11
Calculate the remainder when 669 is divided by 640.
29
Calculate the remainder when 1365 is divided by 4.
1
Calculate the remainder when 94 is divided by 16.
14
Calculate the remainder when 65 is divided by 35.
30
Calculate the remainder when 83 is divided by 76.
7
Calculate the remainder when 300 is divided by 103.
94
What is the remainder when 98 is divided by 21?
14
Calculate the remainder when 126 is divided by 62.
2
What is the remainder when 168 is divided by 5?
3
What is the remainder when 11414 is divided by 49?
46
Calculate the remainder when 179 is divided by 26.
23
What is the remainder when 3705 is divided by 24?
9
Calculate the remainder when 2383 is divided by 266.
255
What is the remainder when 29 is divided by 14?
1
What is the remainder when 198 is divided by 36?
18
What is the remainder when 134 is divided by 28?
22
Calculate the remainder when 714 is divided by 142.
4
Calculate the remainder when 509 is divided by 107.
81
What is the remainder when 823 is divided by 118?
115
What is the remainder when 178 is divided by 36?
34
What is the remainder when 4991 is divided by 45?
41
Calculate the remainder when 692 is divided by 34.
12
Calculate the remainder when 4406 is divided by 13.
12
What is the remainder when 172 is divided by 163?
9
Calculate the remainder when 2996 is divided by 429.
422
What is the remainder when 175 is divided by 35?
0
Calculate the remainder when 1929 is divided by 138.
135
What is the remainder when 77 is divided by 18?
5
Calculate the remainder when 944 is divided by 27.
26
Calculate the remainder when 417 is divided by 407.
10
Calculate the remainder when 208 is divided by 2.
0
What is the remainder when 81 is divided by 24?
9
What is the remainder when 2327 is divided by 11?
6
What is the remainder when 2448 is divided by 50?
48
What is the remainder when 358 is divided by 74?
62
Calculate the remainder when 348 is divided by 7.
5
What is the remainder when 4458 is divided by 2225?
8
What is the remainder when 931 is divided by 910?
21
Calculate the remainder when 6683 is divided by 12.
11
What is the remainder when 6647 is divided by 7?
4
What is the remainder when 120 is divided by 84?
36
Calculate the remainder when 289 is divided by 10.
9
Calculate the remainder when 51 is divided by 31.
20
Calculate the remainder when 29 is divided by 2.
1
Calculate the remainder when 192 is divided by 68.
56
What is the remainder when 373 is divided by 71?
18
What is the remainder when 14791 is divided by 14?
7
What is the remainder when 1046 is divided by 49?
17
Calculate the remainder when 576 is divided by 83.
78
What is the remainder when 51 is divided by 29?
22
Calculate the remainder when 1672 is divided by 35.
27
What is the remainder when 77 is divided by 43?
34
Calculate the remainder when 78 is divided by 36.
6
What is the remainder when 55 is divided by 28?
27
Calculate the remainder when 1013 is divided by 17.
10
What is the remainder when 853 is divided by 38?
17
Calculate the remainder when 972 is divided by 101.
63
What is the remainder when 862 is divided by 95?
7
What is the remainder when 1410 is divided by 128?
2
What is the remainder when 504 is divided by 22?
20
Calculate the remainder when 2959 is divided by 736.
15
Calculate the remainder when 69 is divided by 30.
9
Calculate the remainder when 465 is divided by 245.
220
Calculate the remainder when 250 is divided by 54.
34
What is the remainder when 2160 is divided by 46?
44
What is the remainder when 34 is divided by 7?
6
Calculate the remainder when 2687 is divided by 90.
77
What is the remainder when 2078 is divided by 260?
258
Calculate the remainder when 157 is divided by 19.
5
What is the remainder when 1109 is divided by 137?
13
Calculate the remainder when 1458 is divided by 43.
39
What is the remainder when 22 is divided by 14?
8
What is the remainder when 264 is divided by 19?
17
Calculate the remainder when 1442 is divided by 225.
92
What is the remainder when 61 is divided by 11?
6
What is the remainder when 153 is divided by 6?
3
Calculate the remainder when 161 is divided by 43.
32
Calculate the remainder when 340 is divided by 52.
28
What is the remainder when 106 is divided by 55?
51
What is the remainder when 234 is divided by 3?
0
What is the remainder when 2381 is divided by 594?
5
Calculate the remainder when 891 is divided by 47.
45
What is the remainder when 360 is divided by 55?
30
What is the remainder when 658 is divided by 175?
133
Calculate the remainder when 76 is divided by 41.
35
What is the remainder when 532 is divided by 67?
63
Calculate the remainder when 1033 is divided by 337.
22
Calculate the remainder when 7466 is divided by 19.
18
What is the remainder when 265 is divided by 28?
13
Calculate the remainder when 1919 is divided by 40.
39
What is the remainder when 457 is divided by 10?
7
